861 - 854 + 2*b**2. Calculate x(-7).
7
Let m be (-2)/26 - (-19)/247. Suppose -3*u - 24 + 3 = m. Let l(a) = -a**2 - 6*a + 7. What is l(u)?
0
Let a(l) = 5*l - 2. Let v(b) = 32*b**2 - 14*b + 6. Let i(p) = 3*a(p) + v(p). What is i(-1)?
31
Suppose -1334 = 368*h + 362*h - 63*h. Let m(r) = 3*r**2 - 3 + 0 + 2*r**3 - 4*r - r**3. Calculate m(h).
9
Suppose 2*n + 12 = -6. Let t(q) = 10*q - 8*q**2 - 2 - 6*q**3 + 0*q**3 + q**3 + 25 - 20 + 4*q**3. What is t(n)?
-6
Let f(l) = -26 - 30*l**3 + 40*l**2 + 11*l + 29*l**3 - 19*l**2 - 15*l**2. Give f(7).
2
Let b(u) = -u + 21 + 2*u**2 - 3 + 10*u. Let o be b(-10). Let y(f) = o - 385 + 127 + 129 - 10*f. Give y(2).
-21
Let b(c) = -c + 2. Let d be b(0). Suppose 2*m + 0*o - 12 = 2*o, -d*o = 8. Let n(t) = -371*t + 1 - 8*t**m + 371*t. Calculate n(1).
-7
Let l(v) be the second derivative of -v**5/20 + 5*v**4/12 + 7*v**3/6 - 4*v**2 + 3*v. Let u be (0 + 8/(-12))/((-1)/87). Suppose 5*f - u = -28. What is l(f)?
-2
Let z(v) = 10 + 111*v - 781*v**2 + 3*v**3 - 1 - 2*v**3 + 759*v**2. Give z(8).
1
Let a be 3/(-4) + -926*3/8. Let d = -187 - a. Let l = d - 155. Let s(c) = c**2 - 6*c + 4. Calculate s(l).
4
Suppose 10416*v = 10426*v + 30. Let f(a) = -2*a**3 + 4*a**2 + 3. Calculate f(v).
93
Let a be 2/(-12)*-2*33. Suppose a*s + 172 = -1005. Let v = s - -110. Let o(q) = q**3 - 3*q**2 + 3. What is o(v)?
3
Let c(l) = -10*l + 2. Let n(t) be the third derivative of t**4/3 - t**3/6 - 10*t**2 + 1. Let w(r) = 2*c(r) + 3*n(r). What is w(-2)?
-7
Let v(s) be the first derivative of 2*s**3/3 - 24*s**2 + 15*s + 3450. Determine v(23).
-31
Suppose -65 = 3*r - 2*h - 27, 0 = 3*r + 4*h + 32. Let i(d) = -6*d - 76. Calculate i(r).
-4
Let o(w) = -2*w - 14 + 3*w + 0*w. Let x(z) = -z**3 + z**2 + 38*z. Let l be x(0). Give o(l).
-14
Let m(r) = -2*r + 2. Let f be (4 + 23 + -5)*2. Suppose 5*b - b - f = 0. Suppose -4*p = -0*p - 8, -3*i + b = p. What is m(i)?
-4
Let r(q) = 24*q + 3. Let z(k) = -7*k - 1. Let d be ((-9)/((-72)/(-28)))/((-3)/(-6)). Let w(o) = d*z(o) - 2*r(o). Suppose 3*n + 9 = -3. Calculate w(n).
-3
Let f(s) be the second derivative of -s**3/3 + 2*s**2 - 18*s + 3. Let w be (-1 - 5/(-3))*(-12 - -48). Let q = -29 + w. Calculate f(q).
14
Let v(d) = d**2 + 7*d + 8. Let b = -47 - -49. Suppose b*i + 1 = -1, 181 = -4*n - i. Let o = 39 + n. Give v(o).
2
Let u(p) = p**2 - 27*p + 93. Let b be u(24). Suppose 0 = 16*l - b*l - 15. Let z(y) = -y**3 - 6*y**2 - y + 2. What is z(l)?
-22
Let u = 10607 - 10613. Let y(k) = -13*k - 3. Determine y(u).
75
Suppose -3*y - y = -24. Suppose 3*q + 6 = 6*q. Let o(g) = 2 + 0*g**3 + 8*g - 9*g + 9*g - g**3 + 4*g**q. What is o(y)?
-22
Let m(n) be the third derivative of 0*n + 17*n**2 + 2/3*n**3 - 1/12*n**4 + 0. Suppose -w = 4*p - 10, 0 = -4*w + 3*p + 10 + 11. Determine m(w).
-8
Let g(j) be the third derivative of j**6/15 + j**5/12 - j**4/8 + j**3/6 + 8587*j**2. Calculate g(2).
79
Let c(j) be the second derivative of j**4/12 - j**3/6 - 7*j**2/2 + 12*j - 21. Suppose y = 3*h, -3*h + 5*h = -5*y + 17. Give c(y).
-1
Let z(r) be the second derivative of r**5/20 - 13*r**3/6 - 11*r**2/2 - 14*r + 21. Calculate z(-2).
7
Let t(c) = -5*c + 125. Let d be t(13). Let v(f) = -11 + d*f**2 - f**3 + 14 - 55*f**2. Calculate v(3).
21
Let k(m) = m**3 + 6*m**2 + 3*m - 2. Suppose -75 = -3*p + 51. Let a be 738/p + 4/(-7). Suppose 2*n - 4*t = -22, -n + t + 3*t = a. Give k(n).
8
Let b(o) = -o**2 + 5*o - 1. Suppose 0 = -2*y + 6 - 24. Suppose -4*c + 7*s - 11 = 0, 3*s = 73*c - 76*c. Let f be c/((3/(-6))/(y/(-6))). What is b(f)?
5
Let v(c) = 4*c + 9. Let l(r) = 4. Let s(f) = 21*f - 146. Let k(o) = -6*l(o) - s(o). Let x be k(6). Determine v(x).
-7
Let z(n) = -n**2 + 2*n + 5. Let l(q) = -17*q + q**2 + 4*q**2 - 4*q**2 + 15. Let p be l(16). Let r(o) = 3*o**2 - 3*o - 2. Let v be r(p). Determine z(v).
-3
Let c(b) = -3442 + 3441 + 1051*b - 1048*b - b**3 + 9*b**2. What is c(7)?
118
Let m(b) = 6*b + 4*b - 10*b - b - 1 - 2*b. Let f(z) = 2*z + 16. Let s(t) = -t - 5. Let y(j) = 3*f(j) + 10*s(j). Let k(o) = -6*m(o) + 5*y(o). Give k(-4).
4
Let d(l) = -l**2 + 14*l + 7. Let i be (-8)/18 - (-13650)/945. What is d(i)?
7
Let t = 1004 - 1001. Let l(x) be the first derivative of -4*x - 6 + 0*x**2 + 4/3*x**t + 1/4*x**4. Calculate l(-4).
-4
Let k(g) = -8*g - 9. Suppose -4*z = -2*l, -4*l + 6*z - 4*z = 30. Determine k(l).
71
Let u(p) be the first derivative of -17*p**2/2 + 30*p + 2031. Calculate u(5).
-55
Let a be (-536)/(-38) + 282/(-2679). Let u(b) = b**3 - 13*b**2 - 14*b + 19. Calculate u(a).
19
Let q(a) be the third derivative of 1/120*a**6 + 35*a**2 + 0 - 1/6*a**4 + 1/60*a**5 + 0*a**3 + 0*a. What is q(-3)?
-6
Suppose 110 = 6*b - 88. Suppose 3*h = 2*v - 14, 5*h - 4*v = -b + 9. Let f be h/(8/(-6))*(-4)/(-3). Let g(z) = z**2 + z + 5. Determine g(f).
25
Let p = -14 - -24. Suppose -2*t - 8*g - 5 = -3*g, -3*t - g = 1. Suppose 5*b - 2*o = 15, -o = -5*b - t + p. Let r(k) = -13*k**2 + 2*k - 1. Calculate r(b).
-12
Let w(i) be the third derivative of 7*i**4/24 - 44*i**3 - 21*i**2. What is w(37)?
-5
Let x(b) = 2*b**3 - 8*b**2 - b + 5. Let r(c) = c**3 - 4*c**2 - c + 4. Let m(l) = 5*r(l) - 3*x(l). What is m(4)?
-3
Let g(t) = t**2 + 74*t + 284. Let w be g(-4). Let n(r) be the third derivative of -1/6*r**3 + 0*r + 1/20*r**5 - 1/24*r**w + 0 + r**2. Give n(-1).
3
Let l(a) = -3*a + 2. Suppose g - 8 - 5 = -2*o, 3*g = -3*o + 24. Let f(x) = -13*x - 1. Let p be f(g). Let c = 43 + p. What is l(c)?
-7
Let a(m) = 9*m**2 - 1 + 748*m**3 - 6*m + 750*m**3 - 1499*m**3. Give a(5).
69
Let u(f) = f**3 + 4*f**2 - 3*f + 5. Let y be (-32)/(-8) - (2 + 0). Let i(l) = 2*l + y*l - 12 - 2*l. Let c be i(4). Give u(c).
17
Let u(q) = -q**2 - 2*q - 4. Let d(t) = -t**2 - 32*t - 177. Let c be d(-25). Give u(c).
-4
Suppose 4*k - 5*n + 8*n - 52 = 0, -24 = -2*k - n. Suppose k*f - 31 = 29. Let c(x) = 2 - 2 - 2 + x. What is c(f)?
4
Let o = -650 + 651. Let a(r) = -2*r - 42. Let h(p) = 4. Let x(i) = o*a(i) + 12*h(i). Calculate x(-6).
18
Let p(t) = -2*t - 4. Let f(l) = -17*l - 13. Let m(b) = f(b) - 6*p(b). Determine m(0).
11
Let o(g) = 13 - 149 - 72 + 1 - 94 - 61*g. Determine o(-5).
4
Let f(h) = h - 5. Let o(d) = -9*d - 9. Let r(a) = -4*f(a) + o(a). Give r(4).
-41
Suppose -42*f + 840 = 18*f. Let s(c) = -c**2 + 14*c - 8. Determine s(f).
-8
Suppose -17*g - 18 = -23*g. Suppose 0*z + 4*n - 6 = -z, 0 = -2*z + g*n - 10. Let r(u) = -5*u + 0 - 3 - 4*u**2 + 5*u**2 + 2*u. Determine r(z).
7
Let v(j) be the third derivative of j**5/60 + 7*j**4/24 - 3*j**3/2 + 860*j**2 + 3*j + 4. Let n = 1 - 7. What is v(n)?
-15
Suppose 17*d - 21*d + 14 = 2*u - 8, 5*u = 45. Let y(z) be the third derivative of 11*z**4/24 - 2*z**2. Determine y(d).
11
Let b(x) = -x**2 + 6*x + 4. Let y(l) = -l**3 + 6*l**2. Let j be y(6). Suppose -s + 2*s + 5*g - 26 = j, 5*g = 3*s + 2. Determine b(s).
4
Let h(x) be the first derivative of -x**2 + 7*x + 20602. Suppose 3*u - 8 = 1. Give h(u).
1
Let f(w) = 3*w**3 - 16*w**2 + 14*w + 8. Let u = -9 + 6. Let q(g) = 2*g**3 - 14*g**2 + 13*g + 8. Let b(x) = u*f(x) + 4*q(x). Give b(-9).
-1
Let x(t) be the first derivative of t + 6*t**3 + 13 + 1/2*t**2. Calculate x(-1).
18
Let l(r) be the third derivative of -5 - 1/60*r**5 - 1/24*r**4 + 0*r + 11/3*r**3 + 1/120*r**6 + r**2. What is l(0)?
22
Suppose -5*p - 3*d - 49 - 1 = 0, 3*d + 1 = 2*p. Let c(t) = 14*t + 75. Let u be c(p). Let l(n) = n + 23. Calculate l(u).
0
Let y(o) be the third derivative of o**5/10 + o**3/6 - 93345*o**2. Let w = 0 - 1. Calculate y(w).
7
Let m(i) = -5*i**2 - i + 1. Let z(c) = 14*c**2 + 3*c - 3. Let w(q) = 17*m(q) + 6*z(q). Let g be (((-16)/5)/2)/(13/((-1885)/116)). What is w(g)?
-3
Let v(b) = b**3 + 4*b**2 + 2. Let d be v(-4). Let j be (0/d)/(-2 + 3). Let k(a) = -166*a - a**2 + 88*a + 5 + 77*a. Determine k(j).
5
Let r(l) = -2*l**3 + l**2 + 7*l + 7. Let d(i) = -i + 20 - 38 + 17. Let y be 8 - -1 - (-54)/(-18). Let g(f) = y*d(f) + r(f). What is g(2)?
-9
Let r = 0 - -3. Let y(j) = -5 + r*j + 1 + 1. Suppose 5*z + 5*o = 5, 0 = z + o - 4*o - 9. Give y(z).
6
Let v(w) = -13*w**2 + 11*w - 7. Let z(s) = -6*s**2 + 5*s - 3. Let d(g) = -5*v(g) + 11*z(g). Calculate d(5).
-23
Let o(g) = g - 5. Suppose 5*h - 102 = 18. Suppose h + 1 = 5*t + 3*n, -3*t + 5*n - 19 = 0. Suppose -a + 6 = t. Give o(a).
-1
Let n(a) = 3*a - 2. Suppose -2*g = -18*g - 3136. Let s = g - -201. Calculate n(s).
13
Suppose 2 = 9